{"id":6328,"date":"2024-05-08T11:37:53","date_gmt":"2024-05-08T11:37:53","guid":{"rendered":"https:\/\/girlyangy.fr\/?product=brume-parfumee-et-pailletee-corps-et-cheveux-fleur-de-thiare"},"modified":"2025-01-28T08:15:48","modified_gmt":"2025-01-28T08:15:48","slug":"brume-parfumee-et-pailletee-corps-et-cheveux-fleur-de-thiare","status":"publish","type":"product","link":"https:\/\/girlyangy.fr\/?product=brume-parfumee-et-pailletee-corps-et-cheveux-fleur-de-thiare","title":{"rendered":"Brume parfum\u00e9e et paillet\u00e9e corps et cheveux \u00ab\u00a0Fleur de thiar\u00e9\u00a0\u00bb"},"content":{"rendered":"<p>Brume parfum\u00e9e et paillet\u00e9e pour le corps et les cheveux avec alo\u00e9 vera de la marque Prady.<\/p>\n<div class=\"woocommerce-product-details__short-description\" style=\"margin:0px0px20px;padding:0px;border:0px;vertical-align:baseline;font-style:normal;font-weight:400;line-height:inherit;font-family:Poppins,Arial,Helvetica,sans-serif;font-size:14px;letter-spacing:normal;text-transform:none;text-align:left\">\n<div class=\"productTabs ui-tabs ui-widget ui-widget-content ui-corner-all\" id=\"quickTabs\" data-ajaxenabled=\"false\" data-productreviewsaddnewurl=\"\/ProductTab\/ProductReviewsTabAddNew\/52291\" data-productcontactusurl=\"\/ProductTab\/ProductContactUsTabAddNew\/52291\" data-couldnotloadtaberrormessage=\"No se ha podido cargar esta pesta\u00f1a.\" style=\"margin:0px;padding:0px;border:0px;vertical-align:baseline;font-style:inherit;font-variant:inherit;font-weight:inherit;line-height:inherit;font-family:inherit;font-size:14px\">\n<div class=\"productTabs-body\" style=\"margin:0px;padding:0px;border:0px;vertical-align:baseline;font-style:inherit;font-variant:inherit;font-weight:inherit;line-height:inherit;font-family:inherit;font-size:14px\">\n<div class=\"ui-tabs-panel ui-widget-content ui-corner-bottom\" id=\"quickTab-description\" role=\"tabpanel\" aria-labelledby=\"ui-id-1\" aria-expanded=\"true\" aria-hidden=\"false\" style=\"margin:0px;padding:0px;border:0px;vertical-align:baseline;font-style:inherit;font-variant:inherit;font-weight:inherit;line-height:inherit;font-family:inherit;font-size:14px\">\n<div class=\"full-description\" style=\"margin:0px;padding:0px;border:0px;vertical-align:baseline;font-style:inherit;font-variant:inherit;font-weight:inherit;line-height:inherit;font-family:inherit;font-size:14px\">\n<ul style=\"margin-top:0px;margin-right:0px;margin-bottom:var(--list-mb);margin-left:0px;padding-top:0px;padding-right:0px;padding-bottom:0px;padding-left:var(--li-pl);border:0px;vertical-align:baseline;font-style:inherit;font-variant:inherit;font-weight:inherit;line-height:inherit;font-family:inherit;font-size:14px;--list-mb:20px;--li-mb:10px;--li-pl:17px\">\n<li style=\"margin:0px;padding:0px;border:0px;vertical-align:baseline;font-style:inherit;font-variant:inherit;font-weight:inherit;line-height:inherit;font-family:inherit;font-size:14px\">Rafraichissante.<\/li>\n<\/ul>\n<p style=\"margin-top:0px;margin-right:0px;margin-bottom:var(--wd-tags-mb);margin-left:0px;padding:0px;border:0px;vertical-align:baseline;font-style:inherit;font-variant:inherit;font-weight:inherit;line-height:inherit;font-family:inherit;font-size:14px\">Une brume paillet\u00e9e d\u00e9licate et l\u00e9g\u00e8re \u00e0 emporter avec soi pour se parfumer tout au long de la journ\u00e9e.<\/p>\n<p style=\"margin-top:0px;margin-right:0px;margin-bottom:var(--wd-tags-mb);margin-left:0px;padding:0px;border:0px;vertical-align:baseline;font-style:inherit;font-variant:inherit;font-weight:inherit;line-height:inherit;font-family:inherit;font-size:14px\"><em style=\"margin: 0px;padding: 0px;border: 0px;vertical-align: baseline;font-style: italic;font-variant: inherit;font-weight: inherit;line-height: inherit;font-family: inherit;font-size: 14px\">250 ml<\/em><\/p>\n<\/div>\n<\/div>\n<\/div>\n<\/div><\/div>\n","protected":false},"excerpt":{"rendered":"<p>Brume parfum\u00e9e et paillet\u00e9e pour le corps et les cheveux avec alo\u00e9 vera de la marque Prady. Rafraichissante. Une brume paillet\u00e9e d\u00e9licate et l\u00e9g\u00e8re \u00e0 emporter avec soi pour se parfumer tout au long de la journ\u00e9e. 250 ml<\/p>\n","protected":false},"featured_media":6326,"comment_status":"open","ping_status":"closed","template":"","meta":[],"product_brand":[],"product_cat":[169,43],"product_tag":[],"class_list":{"0":"post-6328","1":"product","2":"type-product","3":"status-publish","4":"has-post-thumbnail","6":"product_cat-bien-etre","7":"product_cat-soins-du-corps","8":"product_shipping_class-mondial-relay","10":"first","11":"outofstock","12":"sale","13":"shipping-taxable","14":"purchasable","15":"product-type-simple"},"yoast_head":"<!-- This site is optimized with the Yoast SEO plugin v27.4 - https:\/\/yoast.com\/product\/yoast-seo-wordpress\/ -->\n<title>Brume parfum\u00e9e et paillet\u00e9e corps et cheveux \u00ab\u00a0Fleur de thiar\u00e9\u00a0\u00bb - Girly Angy<\/title>\n<meta name=\"robots\" content=\"index, follow, max-snippet:-1, max-image-preview:large, max-video-preview:-1\" \/>\n<link rel=\"canonical\" href=\"https:\/\/girlyangy.fr\/?product=brume-parfumee-et-pailletee-corps-et-cheveux-fleur-de-thiare\" \/>\n<meta property=\"og:locale\" content=\"fr_FR\" \/>\n<meta property=\"og:type\" content=\"article\" \/>\n<meta property=\"og:title\" content=\"Brume parfum\u00e9e et paillet\u00e9e corps et cheveux \u00ab\u00a0Fleur de thiar\u00e9\u00a0\u00bb - Girly Angy\" \/>\n<meta property=\"og:description\" content=\"Brume parfum\u00e9e et paillet\u00e9e pour le corps et les cheveux avec alo\u00e9 vera de la marque Prady. Rafraichissante. Une brume paillet\u00e9e d\u00e9licate et l\u00e9g\u00e8re \u00e0 emporter avec soi pour se parfumer tout au long de la journ\u00e9e. 250 ml\" \/>\n<meta property=\"og:url\" content=\"https:\/\/girlyangy.fr\/?product=brume-parfumee-et-pailletee-corps-et-cheveux-fleur-de-thiare\" \/>\n<meta property=\"og:site_name\" content=\"Girly Angy\" \/>\n<meta property=\"article:publisher\" content=\"https:\/\/www.facebook.com\/profile.php?id=100070618441117\" \/>\n<meta property=\"article:modified_time\" content=\"2025-01-28T08:15:48+00:00\" \/>\n<meta name=\"twitter:card\" content=\"summary_large_image\" \/>\n<script type=\"application\/ld+json\" class=\"yoast-schema-graph\">{\"@context\":\"https:\\\/\\\/schema.org\",\"@graph\":[{\"@type\":\"WebPage\",\"@id\":\"https:\\\/\\\/girlyangy.fr\\\/?product=brume-parfumee-et-pailletee-corps-et-cheveux-fleur-de-thiare\",\"url\":\"https:\\\/\\\/girlyangy.fr\\\/?product=brume-parfumee-et-pailletee-corps-et-cheveux-fleur-de-thiare\",\"name\":\"Brume parfum\u00e9e et paillet\u00e9e corps et cheveux \u00ab\u00a0Fleur de thiar\u00e9\u00a0\u00bb - Girly Angy\",\"isPartOf\":{\"@id\":\"https:\\\/\\\/girlyangy.fr\\\/#website\"},\"primaryImageOfPage\":{\"@id\":\"https:\\\/\\\/girlyangy.fr\\\/?product=brume-parfumee-et-pailletee-corps-et-cheveux-fleur-de-thiare#primaryimage\"},\"image\":{\"@id\":\"https:\\\/\\\/girlyangy.fr\\\/?product=brume-parfumee-et-pailletee-corps-et-cheveux-fleur-de-thiare#primaryimage\"},\"thumbnailUrl\":\"https:\\\/\\\/i0.wp.com\\\/girlyangy.fr\\\/wp-content\\\/uploads\\\/2024\\\/05\\\/1000022710-1.jpg?fit=1218%2C1247&ssl=1\",\"datePublished\":\"2024-05-08T11:37:53+00:00\",\"dateModified\":\"2025-01-28T08:15:48+00:00\",\"breadcrumb\":{\"@id\":\"https:\\\/\\\/girlyangy.fr\\\/?product=brume-parfumee-et-pailletee-corps-et-cheveux-fleur-de-thiare#breadcrumb\"},\"inLanguage\":\"fr-FR\",\"potentialAction\":[{\"@type\":\"ReadAction\",\"target\":[\"https:\\\/\\\/girlyangy.fr\\\/?product=brume-parfumee-et-pailletee-corps-et-cheveux-fleur-de-thiare\"]}]},{\"@type\":\"ImageObject\",\"inLanguage\":\"fr-FR\",\"@id\":\"https:\\\/\\\/girlyangy.fr\\\/?product=brume-parfumee-et-pailletee-corps-et-cheveux-fleur-de-thiare#primaryimage\",\"url\":\"https:\\\/\\\/i0.wp.com\\\/girlyangy.fr\\\/wp-content\\\/uploads\\\/2024\\\/05\\\/1000022710-1.jpg?fit=1218%2C1247&ssl=1\",\"contentUrl\":\"https:\\\/\\\/i0.wp.com\\\/girlyangy.fr\\\/wp-content\\\/uploads\\\/2024\\\/05\\\/1000022710-1.jpg?fit=1218%2C1247&ssl=1\",\"width\":1218,\"height\":1247},{\"@type\":\"BreadcrumbList\",\"@id\":\"https:\\\/\\\/girlyangy.fr\\\/?product=brume-parfumee-et-pailletee-corps-et-cheveux-fleur-de-thiare#breadcrumb\",\"itemListElement\":[{\"@type\":\"ListItem\",\"position\":1,\"name\":\"Accueil\",\"item\":\"https:\\\/\\\/girlyangy.fr\\\/\"},{\"@type\":\"ListItem\",\"position\":2,\"name\":\"boutique\",\"item\":\"https:\\\/\\\/girlyangy.fr\\\/?page_id=5\"},{\"@type\":\"ListItem\",\"position\":3,\"name\":\"Brume parfum\u00e9e et paillet\u00e9e corps et cheveux \u00ab\u00a0Fleur de thiar\u00e9\u00a0\u00bb\"}]},{\"@type\":\"WebSite\",\"@id\":\"https:\\\/\\\/girlyangy.fr\\\/#website\",\"url\":\"https:\\\/\\\/girlyangy.fr\\\/\",\"name\":\"Girly Angy\",\"description\":\"R\u00e9v\u00e9lez votre f\u00e9minit\u00e9\",\"publisher\":{\"@id\":\"https:\\\/\\\/girlyangy.fr\\\/#organization\"},\"potentialAction\":[{\"@type\":\"SearchAction\",\"target\":{\"@type\":\"EntryPoint\",\"urlTemplate\":\"https:\\\/\\\/girlyangy.fr\\\/?s={search_term_string}\"},\"query-input\":{\"@type\":\"PropertyValueSpecification\",\"valueRequired\":true,\"valueName\":\"search_term_string\"}}],\"inLanguage\":\"fr-FR\"},{\"@type\":\"Organization\",\"@id\":\"https:\\\/\\\/girlyangy.fr\\\/#organization\",\"name\":\"Girly Angy\",\"url\":\"https:\\\/\\\/girlyangy.fr\\\/\",\"logo\":{\"@type\":\"ImageObject\",\"inLanguage\":\"fr-FR\",\"@id\":\"https:\\\/\\\/girlyangy.fr\\\/#\\\/schema\\\/logo\\\/image\\\/\",\"url\":\"https:\\\/\\\/girlyangy.fr\\\/wp-content\\\/uploads\\\/2023\\\/02\\\/cropped-logo-girly-angy.png\",\"contentUrl\":\"https:\\\/\\\/girlyangy.fr\\\/wp-content\\\/uploads\\\/2023\\\/02\\\/cropped-logo-girly-angy.png\",\"width\":512,\"height\":512,\"caption\":\"Girly Angy\"},\"image\":{\"@id\":\"https:\\\/\\\/girlyangy.fr\\\/#\\\/schema\\\/logo\\\/image\\\/\"},\"sameAs\":[\"https:\\\/\\\/www.facebook.com\\\/profile.php?id=100070618441117\",\"https:\\\/\\\/www.instagram.com\\\/girly.shop76\"]}]}<\/script>\n<!-- \/ Yoast SEO plugin. -->","yoast_head_json":{"title":"Brume parfum\u00e9e et paillet\u00e9e corps et cheveux \u00ab\u00a0Fleur de thiar\u00e9\u00a0\u00bb - Girly Angy","robots":{"index":"index","follow":"follow","max-snippet":"max-snippet:-1","max-image-preview":"max-image-preview:large","max-video-preview":"max-video-preview:-1"},"canonical":"https:\/\/girlyangy.fr\/?product=brume-parfumee-et-pailletee-corps-et-cheveux-fleur-de-thiare","og_locale":"fr_FR","og_type":"article","og_title":"Brume parfum\u00e9e et paillet\u00e9e corps et cheveux \u00ab\u00a0Fleur de thiar\u00e9\u00a0\u00bb - Girly Angy","og_description":"Brume parfum\u00e9e et paillet\u00e9e pour le corps et les cheveux avec alo\u00e9 vera de la marque Prady. Rafraichissante. Une brume paillet\u00e9e d\u00e9licate et l\u00e9g\u00e8re \u00e0 emporter avec soi pour se parfumer tout au long de la journ\u00e9e. 250 ml","og_url":"https:\/\/girlyangy.fr\/?product=brume-parfumee-et-pailletee-corps-et-cheveux-fleur-de-thiare","og_site_name":"Girly Angy","article_publisher":"https:\/\/www.facebook.com\/profile.php?id=100070618441117","article_modified_time":"2025-01-28T08:15:48+00:00","twitter_card":"summary_large_image","schema":{"@context":"https:\/\/schema.org","@graph":[{"@type":"WebPage","@id":"https:\/\/girlyangy.fr\/?product=brume-parfumee-et-pailletee-corps-et-cheveux-fleur-de-thiare","url":"https:\/\/girlyangy.fr\/?product=brume-parfumee-et-pailletee-corps-et-cheveux-fleur-de-thiare","name":"Brume parfum\u00e9e et paillet\u00e9e corps et cheveux \u00ab\u00a0Fleur de thiar\u00e9\u00a0\u00bb - Girly Angy","isPartOf":{"@id":"https:\/\/girlyangy.fr\/#website"},"primaryImageOfPage":{"@id":"https:\/\/girlyangy.fr\/?product=brume-parfumee-et-pailletee-corps-et-cheveux-fleur-de-thiare#primaryimage"},"image":{"@id":"https:\/\/girlyangy.fr\/?product=brume-parfumee-et-pailletee-corps-et-cheveux-fleur-de-thiare#primaryimage"},"thumbnailUrl":"https:\/\/i0.wp.com\/girlyangy.fr\/wp-content\/uploads\/2024\/05\/1000022710-1.jpg?fit=1218%2C1247&ssl=1","datePublished":"2024-05-08T11:37:53+00:00","dateModified":"2025-01-28T08:15:48+00:00","breadcrumb":{"@id":"https:\/\/girlyangy.fr\/?product=brume-parfumee-et-pailletee-corps-et-cheveux-fleur-de-thiare#breadcrumb"},"inLanguage":"fr-FR","potentialAction":[{"@type":"ReadAction","target":["https:\/\/girlyangy.fr\/?product=brume-parfumee-et-pailletee-corps-et-cheveux-fleur-de-thiare"]}]},{"@type":"ImageObject","inLanguage":"fr-FR","@id":"https:\/\/girlyangy.fr\/?product=brume-parfumee-et-pailletee-corps-et-cheveux-fleur-de-thiare#primaryimage","url":"https:\/\/i0.wp.com\/girlyangy.fr\/wp-content\/uploads\/2024\/05\/1000022710-1.jpg?fit=1218%2C1247&ssl=1","contentUrl":"https:\/\/i0.wp.com\/girlyangy.fr\/wp-content\/uploads\/2024\/05\/1000022710-1.jpg?fit=1218%2C1247&ssl=1","width":1218,"height":1247},{"@type":"BreadcrumbList","@id":"https:\/\/girlyangy.fr\/?product=brume-parfumee-et-pailletee-corps-et-cheveux-fleur-de-thiare#breadcrumb","itemListElement":[{"@type":"ListItem","position":1,"name":"Accueil","item":"https:\/\/girlyangy.fr\/"},{"@type":"ListItem","position":2,"name":"boutique","item":"https:\/\/girlyangy.fr\/?page_id=5"},{"@type":"ListItem","position":3,"name":"Brume parfum\u00e9e et paillet\u00e9e corps et cheveux \u00ab\u00a0Fleur de thiar\u00e9\u00a0\u00bb"}]},{"@type":"WebSite","@id":"https:\/\/girlyangy.fr\/#website","url":"https:\/\/girlyangy.fr\/","name":"Girly Angy","description":"R\u00e9v\u00e9lez votre f\u00e9minit\u00e9","publisher":{"@id":"https:\/\/girlyangy.fr\/#organization"},"potentialAction":[{"@type":"SearchAction","target":{"@type":"EntryPoint","urlTemplate":"https:\/\/girlyangy.fr\/?s={search_term_string}"},"query-input":{"@type":"PropertyValueSpecification","valueRequired":true,"valueName":"search_term_string"}}],"inLanguage":"fr-FR"},{"@type":"Organization","@id":"https:\/\/girlyangy.fr\/#organization","name":"Girly Angy","url":"https:\/\/girlyangy.fr\/","logo":{"@type":"ImageObject","inLanguage":"fr-FR","@id":"https:\/\/girlyangy.fr\/#\/schema\/logo\/image\/","url":"https:\/\/girlyangy.fr\/wp-content\/uploads\/2023\/02\/cropped-logo-girly-angy.png","contentUrl":"https:\/\/girlyangy.fr\/wp-content\/uploads\/2023\/02\/cropped-logo-girly-angy.png","width":512,"height":512,"caption":"Girly Angy"},"image":{"@id":"https:\/\/girlyangy.fr\/#\/schema\/logo\/image\/"},"sameAs":["https:\/\/www.facebook.com\/profile.php?id=100070618441117","https:\/\/www.instagram.com\/girly.shop76"]}]}},"jetpack_sharing_enabled":true,"_links":{"self":[{"href":"https:\/\/girlyangy.fr\/index.php?rest_route=\/wp\/v2\/product\/6328","targetHints":{"allow":["GET"]}}],"collection":[{"href":"https:\/\/girlyangy.fr\/index.php?rest_route=\/wp\/v2\/product"}],"about":[{"href":"https:\/\/girlyangy.fr\/index.php?rest_route=\/wp\/v2\/types\/product"}],"replies":[{"embeddable":true,"href":"https:\/\/girlyangy.fr\/index.php?rest_route=%2Fwp%2Fv2%2Fcomments&post=6328"}],"wp:featuredmedia":[{"embeddable":true,"href":"https:\/\/girlyangy.fr\/index.php?rest_route=\/wp\/v2\/media\/6326"}],"wp:attachment":[{"href":"https:\/\/girlyangy.fr\/index.php?rest_route=%2Fwp%2Fv2%2Fmedia&parent=6328"}],"wp:term":[{"taxonomy":"product_brand","embeddable":true,"href":"https:\/\/girlyangy.fr\/index.php?rest_route=%2Fwp%2Fv2%2Fproduct_brand&post=6328"},{"taxonomy":"product_cat","embeddable":true,"href":"https:\/\/girlyangy.fr\/index.php?rest_route=%2Fwp%2Fv2%2Fproduct_cat&post=6328"},{"taxonomy":"product_tag","embeddable":true,"href":"https:\/\/girlyangy.fr\/index.php?rest_route=%2Fwp%2Fv2%2Fproduct_tag&post=6328"}],"curies":[{"name":"wp","href":"https:\/\/api.w.org\/{rel}","templated":true}]}}